 the remainder when 992558 is divided by 26?
8
What is the remainder when 425372 is divided by 106?
100
Calculate the remainder when 63808 is divided by 31865.
78
What is the remainder when 1561007 is divided by 79?
46
Calculate the remainder when 5795790 is divided by 117.
78
Calculate the remainder when 38020 is divided by 949.
60
Calculate the remainder when 37153 is divided by 6770.
3303
Calculate the remainder when 1282525 is divided by 37646.
2561
Calculate the remainder when 2886578 is divided by 320730.
8
Calculate the remainder when 48117 is divided by 14477.
4686
What is the remainder when 2030 is divided by 409?
394
What is the remainder when 633156 is divided by 1548?
24
Calculate the remainder when 2071752 is divided by 517933.
20
What is the remainder when 1113738057 is divided by 20?
17
Calculate the remainder when 30867568 is divided by 95862.
4
What is the remainder when 274863 is divided by 66?
39
Calculate the remainder when 1027025 is divided by 75.
50
Calculate the remainder when 1064388 is divided by 22174.
36
What is the remainder when 427177 is divided by 19247?
3743
Calculate the remainder when 8133194 is divided by 124.
34
What is the remainder when 4947717 is divided by 618463?
13
Calculate the remainder when 155095 is divided by 50046.
4957
What is the remainder when 75090 is divided by 18736?
146
What is the remainder when 11685183 is divided by 6?
3
What is the remainder when 79709166 is divided by 11?
9
Calculate the remainder when 3032707 is divided by 11316.
19
What is the remainder when 18052 is divided by 261?
43
Calculate the remainder when 188740 is divided by 31456.
4
What is the remainder when 583845 is divided by 3766?
115
What is the remainder when 42090 is divided by 4937?
2594
What is the remainder when 811793 is divided by 487?
451
What is the remainder when 6998538 is divided by 4?
2
What is the remainder when 7590073 is divided by 27?
22
Calculate the remainder when 1797301 is divided by 1628.
1617
Calculate the remainder when 1969093 is divided by 2.
1
What is the remainder when 2746312 is divided by 37?
24
Calculate the remainder when 399956 is divided by 399867.
89
What is the remainder when 3962686 is divided by 599?
301
What is the remainder when 343425 is divided by 4457?
236
Calculate the remainder when 67157 is divided by 65240.
1917
What is the remainder when 16519158 is divided by 1835462?
0
What is the remainder when 217714 is divided by 524?
254
Calculate the remainder when 28856990 is divided by 1706.
0
What is the remainder when 14404898 is divided by 53?
28
What is the remainder when 994117 is divided by 7?
5
Calculate the remainder when 8516877 is divided by 872.
53
What is the remainder when 6468 is divided by 415?
243
What is the remainder when 116182 is divided by 28053?
3970
Calculate the remainder when 95863 is divided by 31748.
619
Calculate the remainder when 605208 is divided by 369.
48
Calculate the remainder when 596974 is divided by 17558.
2
Calculate the remainder when 173683 is divided by 3210.
343
Calculate the remainder when 3120467 is divided by 146.
9
What is the remainder when 269473 is divided by 391?
74
What is the remainder when 6355411 is divided by 23803?
10
What is the remainder when 6297676 is divided by 2099224?
4
Calculate the remainder when 878237 is divided by 36588.
125
Calculate the remainder when 16489854 is divided by 3297949.
109
What is the remainder when 22990 is divided by 548?
522
What is the remainder when 400485 is divided by 2484?
561
What is the remainder when 11394896 is divided by 502?
500
Calculate the remainder when 220941 is divided by 4986.
1557
Calculate the remainder when 272847 is divided by 928.
15
Calculate the remainder when 80688 is divided by 24936.
5880
What is the remainder when 14642865 is divided by 22?
17
Calculate the remainder when 14096498 is divided by 119.
115
Calculate the remainder when 1943730 is divided by 485896.
146
What is the remainder when 435330 is divided by 36259?
222
What is the remainder when 227304 is divided by 75475?
879
Calculate the remainder when 37938324 is divided by 3283.
3259
What is the remainder when 2178254 is divided by 29829?
737
Calculate the remainder when 1250413 is divided by 79.
1
What is the remainder when 9237510 is divided by 26?
22
Calculate the remainder when 189243 is divided by 1026.
459
Calculate the remainder when 1925374 is divided by 102.
22
What is the remainder when 572696 is divided by 2676?
32
What is the remainder when 83126898 is divided by 558?
522
Calculate the remainder when 474003 is divided by 3434.
111
What is the remainder when 154654403 is divided by 55?
13
What is the remainder when 1868169 is divided by 1998?
39
Calculate the remainder when 2708853 is divided by 17.
5
What is the remainder when 16015 is divided by 473?
406
What is the remainder when 60992058 is divided by 66?
6
What is the remainder when 17496891 is divided by 6982?
6981
What is the remainder when 2023331 is divided by 505823?
39
What is the remainder when 2043440 is divided by 398?
108
Calculate the remainder when 431047 is divided by 43.
15
What is the remainder when 90850948 is divided by 2334?
2332
Calculate the remainder when 1416135 is divided by 111.
108
What is the remainder when 343365 is divided by 9279?
42
Calculate the remainder when 402609 is divided by 14899.
336
Calculate the remainder when 2917107 is divided by 2917105.
2
Calculate the remainder when 104376 is divided by 20802.
366
What is the remainder when 1395970781 is divided by 52?
49
What is the remainder when 499209 is divided by 7680?
9
Calculate the remainder when 43052 is divided by 4228.
772
What is the remainder when 50460143 is divided by 1659?
1658
What is the remainder when 2110837557 is divided by 60?
57
What is the remainder when 3576871 is divided by 298072?
7
What is the remainder when 7097055 is divided by 859?
856
Calculate the remainder when 77831 is divided by 3272.
2575
Calculate the remainder when 2116010 is divided by 6.
2
What is the remainder when 5945034 is divided by 1216?
10
Calculate the remainder when 185057 is divided by 12296.
617
Calculate the remainder when 159975 is divided by 78838.
2299
What is the remainder when 186003 is divided by 3581?
3372
What is the remainder when 103592099 is divided by 3173?
3168
What is the remainder when 29809 is divided by 24285?
5524
Calculate the remainder when 680013 is divided by 7.
5
Calculate the remainder when 840084 is divided by 207.
78
Calculate the remainder when 1449071 is divided by 1575.
71
Calculate the remainder when 71061162 is divided by 92.
86
Calculate the remainder when 53518918 is divided by 15.
13
What is the remainder when 380311 is divided by 47521?
143
What is the remainder when 11471149 is divided by 5?
4
Calculate the remainder when 2104281 is divided by 3904.
25
What is the remainder when 148558858 is divided by 769735?
3
What is the remainder when 1591354 is divided by 1743?
1738
What is the remainder when 309714 is divided by 3920?
34
What is the remainder when 250504 is divided by 15369?
4600
Calculate the remainder when 1565193 is divided by 391284.
57
What is the remainder when 4788326 is divided by 25606?
4
Calculate the remainder when 6001811 is divided by 4667.
49
Calculate the remainder when 1837579 is divided by 612522.
13
What is the remainder when 32626097 is divided by 579?
26
Calculate the remainder when 53996981 is divided by 26.
25
What is the remainder when 3607496 is divided by 2637?
80
What is the remainder when 163489 is divided by 7?
4
Calculate the remainder when 59392 is divided by 557.
350
Calculate the remainder when 189494 is divided by 189314.
180
What is the remainder when 117784626 is divided by 13?
11
What is the remainder when 27593727 is divided by 1558?
1547
Calculate the remainder when 18880192 is divided by 2.
0
Calculate the remainder when 85693827 is divided by 36.
3
Calculate the remainder when 5082855 is divided by 193.
7
Calculate the remainder when 31173650 is divided by 1065.
35
Calculate the remainder when 10396802 is divided by 389.
388
Calculate the remainder when 158821655 is divided by 14.
13
Calculate the remainder when 19024101 is divided by 2717728.
5
Calculate the remainder 